{"id":4518,"date":"2020-05-24T14:20:02","date_gmt":"2020-05-24T12:20:02","guid":{"rendered":"http:\/\/www.cppjvo.fr\/?page_id=4518"},"modified":"2022-06-19T16:24:46","modified_gmt":"2022-06-19T14:24:46","slug":"voyage-en-egypte-mars-2019","status":"publish","type":"page","link":"https:\/\/www.cppjvo.fr\/index.php\/voyage-en-egypte-mars-2019\/","title":{"rendered":"Voyage 2019 en \u00c9gypte"},"content":{"rendered":"\t\t<div data-elementor-type=\"wp-page\" data-elementor-id=\"4518\" class=\"elementor elementor-4518\">\n\t\t\t\t\t\t<section class=\"elementor-section elementor-top-section elementor-element elementor-element-7abe4e6a elementor-section-boxed elementor-section-height-default elementor-section-height-default\" data-id=\"7abe4e6a\" data-element_type=\"section\">\n\t\t\t\t\t\t<div class=\"elementor-container elementor-column-gap-default\">\n\t\t\t\t\t<div class=\"elementor-column elementor-col-100 elementor-top-column elementor-element elementor-element-d536fad\" data-id=\"d536fad\" data-element_type=\"column\">\n\t\t\t<div class=\"elementor-widget-wrap elementor-element-populated\">\n\t\t\t\t\t\t<div class=\"elementor-element elementor-element-66e55cfc elementor-widget elementor-widget-text-editor\" data-id=\"66e55cfc\" data-element_type=\"widget\" data-widget_type=\"text-editor.default\">\n\t\t\t\t<div class=\"elementor-widget-container\">\n\t\t\t\t\t\t\t\t\t<p>Croisi\u00e8re dans le nord de l\u2019\u00c9gypte en mars 2019 <\/p>\t\t\t\t\t\t\t\t<\/div>\n\t\t\t\t<\/div>\n\t\t\t\t\t<\/div>\n\t\t<\/div>\n\t\t\t\t\t<\/div>\n\t\t<\/section>\n\t\t\t\t<section class=\"elementor-section elementor-top-section elementor-element elementor-element-ff62605 elementor-section-boxed elementor-section-height-default elementor-section-height-default\" data-id=\"ff62605\" data-element_type=\"section\">\n\t\t\t\t\t\t<div class=\"elementor-container elementor-column-gap-default\">\n\t\t\t\t\t<div class=\"elementor-column elementor-col-100 elementor-top-column elementor-element elementor-element-4126455\" data-id=\"4126455\" data-element_type=\"column\">\n\t\t\t<div class=\"elementor-widget-wrap elementor-element-populated\">\n\t\t\t\t\t\t<div class=\"elementor-element elementor-element-9bafb77 elementor-widget elementor-widget-image-gallery\" data-id=\"9bafb77\" data-element_type=\"widget\" data-widget_type=\"image-gallery.default\">\n\t\t\t\t<div class=\"elementor-widget-container\">\n\t\t\t\t\t\t\t<div class=\"elementor-image-gallery\">\n\t\t\t<div id='gallery-1' class='gallery galleryid-4518 gallery-columns-4 gallery-size-thumbnail'><figure class='gallery-item'>\n\t\t\t<div class='gallery-icon landscape'>\n\t\t\t\t<a data-elementor-open-lightbox=\"yes\" data-elementor-lightbox-slideshow=\"9bafb77\" data-elementor-lightbox-title=\"_DSC0814\" data-e-action-hash=\"#elementor-action%3Aaction%3Dlightbox%26settings%3DeyJpZCI6NDUwMCwidXJsIjoiaHR0cHM6XC9cL3d3dy5jcHBqdm8uZnJcL3dwLWNvbnRlbnRcL3VwbG9hZHNcLzIwMjBcLzA1XC9EU0MwODE0LXNjYWxlZC5qcGciLCJzbGlkZXNob3ciOiI5YmFmYjc3In0%3D\" href='https:\/\/www.cppjvo.fr\/wp-content\/uploads\/2020\/05\/DSC0814-scaled.jpg'><img decoding=\"async\" width=\"150\" height=\"150\" src=\"https:\/\/www.cppjvo.fr\/wp-content\/uploads\/2020\/05\/DSC0814-150x150.jpg\" class=\"attachment-thumbnail size-thumbnail\" alt=\"Croisi\u00e8re Nord \u00c9gypte mars 2019\" aria-describedby=\"gallery-1-4500\" \/><\/a>\n\t\t\t<\/div>\n\t\t\t\t<figcaption class='wp-caption-text gallery-caption' id='gallery-1-4500'>\n\t\t\t\tCroisi\u00e8re Nord \u00c9gypte mars 2019\n\t\t\t\t<\/figcaption><\/figure><figure class='gallery-item'>\n\t\t\t<div class='gallery-icon landscape'>\n\t\t\t\t<a data-elementor-open-lightbox=\"yes\" data-elementor-lightbox-slideshow=\"9bafb77\" data-elementor-lightbox-title=\"_DSC0768-3\" data-e-action-hash=\"#elementor-action%3Aaction%3Dlightbox%26settings%3DeyJpZCI6NDQ5OSwidXJsIjoiaHR0cHM6XC9cL3d3dy5jcHBqdm8uZnJcL3dwLWNvbnRlbnRcL3VwbG9hZHNcLzIwMjBcLzA1XC9EU0MwNzY4LTMtc2NhbGVkLmpwZyIsInNsaWRlc2hvdyI6IjliYWZiNzcifQ%3D%3D\" href='https:\/\/www.cppjvo.fr\/wp-content\/uploads\/2020\/05\/DSC0768-3-scaled.jpg'><img decoding=\"async\" width=\"150\" height=\"150\" src=\"https:\/\/www.cppjvo.fr\/wp-content\/uploads\/2020\/05\/DSC0768-3-150x150.jpg\" class=\"attachment-thumbnail size-thumbnail\" alt=\"Croisi\u00e8re Nord \u00c9gypte mars 2019\" aria-describedby=\"gallery-1-4499\" \/><\/a>\n\t\t\t<\/div>\n\t\t\t\t<figcaption class='wp-caption-text gallery-caption' id='gallery-1-4499'>\n\t\t\t\tCroisi\u00e8re Nord \u00c9gypte mars 2019\n\t\t\t\t<\/figcaption><\/figure><figure class='gallery-item'>\n\t\t\t<div class='gallery-icon landscape'>\n\t\t\t\t<a data-elementor-open-lightbox=\"yes\" data-elementor-lightbox-slideshow=\"9bafb77\" data-elementor-lightbox-title=\"_DSC0745\" data-e-action-hash=\"#elementor-action%3Aaction%3Dlightbox%26settings%3DeyJpZCI6NDQ5OCwidXJsIjoiaHR0cHM6XC9cL3d3dy5jcHBqdm8uZnJcL3dwLWNvbnRlbnRcL3VwbG9hZHNcLzIwMjBcLzA1XC9EU0MwNzQ1LXNjYWxlZC5qcGciLCJzbGlkZXNob3ciOiI5YmFmYjc3In0%3D\" href='https:\/\/www.cppjvo.fr\/wp-content\/uploads\/2020\/05\/DSC0745-scaled.jpg'><img decoding=\"async\" width=\"150\" height=\"150\" src=\"https:\/\/www.cppjvo.fr\/wp-content\/uploads\/2020\/05\/DSC0745-150x150.jpg\" class=\"attachment-thumbnail size-thumbnail\" alt=\"Croisi\u00e8re Nord \u00c9gypte mars 2019\" aria-describedby=\"gallery-1-4498\" \/><\/a>\n\t\t\t<\/div>\n\t\t\t\t<figcaption class='wp-caption-text gallery-caption' id='gallery-1-4498'>\n\t\t\t\tCroisi\u00e8re Nord \u00c9gypte mars 2019\n\t\t\t\t<\/figcaption><\/figure><figure class='gallery-item'>\n\t\t\t<div class='gallery-icon landscape'>\n\t\t\t\t<a data-elementor-open-lightbox=\"yes\" data-elementor-lightbox-slideshow=\"9bafb77\" data-elementor-lightbox-title=\"_DSC1003-2\" data-e-action-hash=\"#elementor-action%3Aaction%3Dlightbox%26settings%3DeyJpZCI6NDUwMSwidXJsIjoiaHR0cHM6XC9cL3d3dy5jcHBqdm8uZnJcL3dwLWNvbnRlbnRcL3VwbG9hZHNcLzIwMjBcLzA1XC9EU0MxMDAzLTItc2NhbGVkLmpwZyIsInNsaWRlc2hvdyI6IjliYWZiNzcifQ%3D%3D\" href='https:\/\/www.cppjvo.fr\/wp-content\/uploads\/2020\/05\/DSC1003-2-scaled.jpg'><img loading=\"lazy\" decoding=\"async\" width=\"150\" height=\"150\" src=\"https:\/\/www.cppjvo.fr\/wp-content\/uploads\/2020\/05\/DSC1003-2-150x150.jpg\" class=\"attachment-thumbnail size-thumbnail\" alt=\"Croisi\u00e8re Nord \u00c9gypte mars 2019\" aria-describedby=\"gallery-1-4501\" \/><\/a>\n\t\t\t<\/div>\n\t\t\t\t<figcaption class='wp-caption-text gallery-caption' id='gallery-1-4501'>\n\t\t\t\tCroisi\u00e8re Nord \u00c9gypte mars 2019\n\t\t\t\t<\/figcaption><\/figure><figure class='gallery-item'>\n\t\t\t<div class='gallery-icon landscape'>\n\t\t\t\t<a data-elementor-open-lightbox=\"yes\" data-elementor-lightbox-slideshow=\"9bafb77\" data-elementor-lightbox-title=\"_DSC0726\" data-e-action-hash=\"#elementor-action%3Aaction%3Dlightbox%26settings%3DeyJpZCI6NDQ5NywidXJsIjoiaHR0cHM6XC9cL3d3dy5jcHBqdm8uZnJcL3dwLWNvbnRlbnRcL3VwbG9hZHNcLzIwMjBcLzA1XC9EU0MwNzI2LXNjYWxlZC5qcGciLCJzbGlkZXNob3ciOiI5YmFmYjc3In0%3D\" href='https:\/\/www.cppjvo.fr\/wp-content\/uploads\/2020\/05\/DSC0726-scaled.jpg'><img loading=\"lazy\" decoding=\"async\" width=\"150\" height=\"150\" src=\"https:\/\/www.cppjvo.fr\/wp-content\/uploads\/2020\/05\/DSC0726-150x150.jpg\" class=\"attachment-thumbnail size-thumbnail\" alt=\"Croisi\u00e8re Nord \u00c9gypte mars 2019\" aria-describedby=\"gallery-1-4497\" \/><\/a>\n\t\t\t<\/div>\n\t\t\t\t<figcaption class='wp-caption-text gallery-caption' id='gallery-1-4497'>\n\t\t\t\tCroisi\u00e8re Nord \u00c9gypte mars 2019\n\t\t\t\t<\/figcaption><\/figure><figure class='gallery-item'>\n\t\t\t<div class='gallery-icon landscape'>\n\t\t\t\t<a data-elementor-open-lightbox=\"yes\" data-elementor-lightbox-slideshow=\"9bafb77\" data-elementor-lightbox-title=\"_DSC0701-3\" data-e-action-hash=\"#elementor-action%3Aaction%3Dlightbox%26settings%3DeyJpZCI6NDQ5NiwidXJsIjoiaHR0cHM6XC9cL3d3dy5jcHBqdm8uZnJcL3dwLWNvbnRlbnRcL3VwbG9hZHNcLzIwMjBcLzA1XC9EU0MwNzAxLTMtc2NhbGVkLmpwZyIsInNsaWRlc2hvdyI6IjliYWZiNzcifQ%3D%3D\" href='https:\/\/www.cppjvo.fr\/wp-content\/uploads\/2020\/05\/DSC0701-3-scaled.jpg'><img loading=\"lazy\" decoding=\"async\" width=\"150\" height=\"150\" src=\"https:\/\/www.cppjvo.fr\/wp-content\/uploads\/2020\/05\/DSC0701-3-150x150.jpg\" class=\"attachment-thumbnail size-thumbnail\" alt=\"Croisi\u00e8re Nord \u00c9gypte mars 2019\" aria-describedby=\"gallery-1-4496\" \/><\/a>\n\t\t\t<\/div>\n\t\t\t\t<figcaption class='wp-caption-text gallery-caption' id='gallery-1-4496'>\n\t\t\t\tCroisi\u00e8re Nord \u00c9gypte mars 2019\n\t\t\t\t<\/figcaption><\/figure><figure class='gallery-item'>\n\t\t\t<div class='gallery-icon landscape'>\n\t\t\t\t<a data-elementor-open-lightbox=\"yes\" data-elementor-lightbox-slideshow=\"9bafb77\" data-elementor-lightbox-title=\"_DSC0661\" data-e-action-hash=\"#elementor-action%3Aaction%3Dlightbox%26settings%3DeyJpZCI6NDQ5NSwidXJsIjoiaHR0cHM6XC9cL3d3dy5jcHBqdm8uZnJcL3dwLWNvbnRlbnRcL3VwbG9hZHNcLzIwMjBcLzA1XC9EU0MwNjYxLXNjYWxlZC5qcGciLCJzbGlkZXNob3ciOiI5YmFmYjc3In0%3D\" href='https:\/\/www.cppjvo.fr\/wp-content\/uploads\/2020\/05\/DSC0661-scaled.jpg'><img loading=\"lazy\" decoding=\"async\" width=\"150\" height=\"150\" src=\"https:\/\/www.cppjvo.fr\/wp-content\/uploads\/2020\/05\/DSC0661-150x150.jpg\" class=\"attachment-thumbnail size-thumbnail\" alt=\"Croisi\u00e8re Nord \u00c9gypte mars 2019\" aria-describedby=\"gallery-1-4495\" \/><\/a>\n\t\t\t<\/div>\n\t\t\t\t<figcaption class='wp-caption-text gallery-caption' id='gallery-1-4495'>\n\t\t\t\tCroisi\u00e8re Nord \u00c9gypte mars 2019\n\t\t\t\t<\/figcaption><\/figure>\n\t\t<\/div>\n\t\t<\/div>\n\t\t\t\t\t\t<\/div>\n\t\t\t\t<\/div>\n\t\t\t\t\t<\/div>\n\t\t<\/div>\n\t\t\t\t\t<\/div>\n\t\t<\/section>\n\t\t\t\t<\/div>\n\t\t","protected":false},"excerpt":{"rendered":"<p>Croisi\u00e8re dans le nord de l\u2019\u00c9gypte en mars 2019 Croisi\u00e8re Nord \u00c9gypte mars 2019 Croisi\u00e8re Nord \u00c9gypte mars 2019 Croisi\u00e8re Nord \u00c9gypte mars 2019 Croisi\u00e8re Nord \u00c9gypte mars 2019 Croisi\u00e8re Nord \u00c9gypte mars 2019 Croisi\u00e8re Nord \u00c9gypte mars 2019 Croisi\u00e8re Nord \u00c9gypte mars 2019<\/p>\n","protected":false},"author":1,"featured_media":0,"parent":0,"menu_order":0,"comment_status":"closed","ping_status":"closed","template":"","meta":{"footnotes":""},"class_list":["post-4518","page","type-page","status-publish","hentry"],"yoast_head":"<!-- This site is optimized with the Yoast SEO plugin v26.7 - https:\/\/yoast.com\/wordpress\/plugins\/seo\/ -->\n<title>Voyage 2019 en \u00c9gypte - CPPJVO<\/title>\n<meta name=\"description\" content=\"plong\u00e9e \u00e9gypte cppjvo argenteuil\" \/>\n<meta name=\"robots\" content=\"index, follow, max-snippet:-1, max-image-preview:large, max-video-preview:-1\" \/>\n<link rel=\"canonical\" href=\"https:\/\/www.cppjvo.fr\/index.php\/voyage-en-egypte-mars-2019\/\" \/>\n<meta property=\"og:locale\" content=\"fr_FR\" \/>\n<meta property=\"og:type\" content=\"article\" \/>\n<meta property=\"og:title\" content=\"Voyage 2019 en \u00c9gypte - CPPJVO\" \/>\n<meta property=\"og:description\" content=\"plong\u00e9e \u00e9gypte cppjvo argenteuil\" \/>\n<meta property=\"og:url\" content=\"https:\/\/www.cppjvo.fr\/index.php\/voyage-en-egypte-mars-2019\/\" \/>\n<meta property=\"og:site_name\" content=\"CPPJVO\" \/>\n<meta property=\"article:publisher\" content=\"https:\/\/fr-fr.facebook.com\/CPPJVO-2116673645252590\/\" \/>\n<meta property=\"article:modified_time\" content=\"2022-06-19T14:24:46+00:00\" \/>\n<meta property=\"og:image\" content=\"http:\/\/www.cppjvo.fr\/wp-content\/uploads\/2020\/05\/DSC0814-150x150.jpg\" \/>\n<meta name=\"twitter:card\" content=\"summary_large_image\" \/>\n<meta name=\"twitter:label1\" content=\"Dur\u00e9e de lecture estim\u00e9e\" \/>\n\t<meta name=\"twitter:data1\" content=\"2 minutes\" \/>\n<script type=\"application\/ld+json\" class=\"yoast-schema-graph\">{\"@context\":\"https:\/\/schema.org\",\"@graph\":[{\"@type\":\"WebPage\",\"@id\":\"https:\/\/www.cppjvo.fr\/index.php\/voyage-en-egypte-mars-2019\/\",\"url\":\"https:\/\/www.cppjvo.fr\/index.php\/voyage-en-egypte-mars-2019\/\",\"name\":\"Voyage 2019 en \u00c9gypte - CPPJVO\",\"isPartOf\":{\"@id\":\"https:\/\/www.cppjvo.fr\/#website\"},\"primaryImageOfPage\":{\"@id\":\"https:\/\/www.cppjvo.fr\/index.php\/voyage-en-egypte-mars-2019\/#primaryimage\"},\"image\":{\"@id\":\"https:\/\/www.cppjvo.fr\/index.php\/voyage-en-egypte-mars-2019\/#primaryimage\"},\"thumbnailUrl\":\"http:\/\/www.cppjvo.fr\/wp-content\/uploads\/2020\/05\/DSC0814-150x150.jpg\",\"datePublished\":\"2020-05-24T12:20:02+00:00\",\"dateModified\":\"2022-06-19T14:24:46+00:00\",\"description\":\"plong\u00e9e \u00e9gypte cppjvo argenteuil\",\"breadcrumb\":{\"@id\":\"https:\/\/www.cppjvo.fr\/index.php\/voyage-en-egypte-mars-2019\/#breadcrumb\"},\"inLanguage\":\"fr-FR\",\"potentialAction\":[{\"@type\":\"ReadAction\",\"target\":[\"https:\/\/www.cppjvo.fr\/index.php\/voyage-en-egypte-mars-2019\/\"]}]},{\"@type\":\"ImageObject\",\"inLanguage\":\"fr-FR\",\"@id\":\"https:\/\/www.cppjvo.fr\/index.php\/voyage-en-egypte-mars-2019\/#primaryimage\",\"url\":\"http:\/\/www.cppjvo.fr\/wp-content\/uploads\/2020\/05\/DSC0814-150x150.jpg\",\"contentUrl\":\"http:\/\/www.cppjvo.fr\/wp-content\/uploads\/2020\/05\/DSC0814-150x150.jpg\"},{\"@type\":\"BreadcrumbList\",\"@id\":\"https:\/\/www.cppjvo.fr\/index.php\/voyage-en-egypte-mars-2019\/#breadcrumb\",\"itemListElement\":[{\"@type\":\"ListItem\",\"position\":1,\"name\":\"Accueil\",\"item\":\"https:\/\/www.cppjvo.fr\/\"},{\"@type\":\"ListItem\",\"position\":2,\"name\":\"Voyage 2019 en \u00c9gypte\"}]},{\"@type\":\"WebSite\",\"@id\":\"https:\/\/www.cppjvo.fr\/#website\",\"url\":\"https:\/\/www.cppjvo.fr\/\",\"name\":\"CPPJVO\",\"description\":\"Club de Plong\u00e9e de la Police Justice du Val d&#039;Oise\",\"publisher\":{\"@id\":\"https:\/\/www.cppjvo.fr\/#organization\"},\"potentialAction\":[{\"@type\":\"SearchAction\",\"target\":{\"@type\":\"EntryPoint\",\"urlTemplate\":\"https:\/\/www.cppjvo.fr\/?s={search_term_string}\"},\"query-input\":{\"@type\":\"PropertyValueSpecification\",\"valueRequired\":true,\"valueName\":\"search_term_string\"}}],\"inLanguage\":\"fr-FR\"},{\"@type\":\"Organization\",\"@id\":\"https:\/\/www.cppjvo.fr\/#organization\",\"name\":\"cppvjo : club de plong\u00e9e Argenteuil\",\"url\":\"https:\/\/www.cppjvo.fr\/\",\"logo\":{\"@type\":\"ImageObject\",\"inLanguage\":\"fr-FR\",\"@id\":\"https:\/\/www.cppjvo.fr\/#\/schema\/logo\/image\/\",\"url\":\"https:\/\/www.cppjvo.fr\/wp-content\/uploads\/2019\/07\/logo-cppvjo-2-1.jpg\",\"contentUrl\":\"https:\/\/www.cppjvo.fr\/wp-content\/uploads\/2019\/07\/logo-cppvjo-2-1.jpg\",\"width\":777,\"height\":560,\"caption\":\"cppvjo : club de plong\u00e9e Argenteuil\"},\"image\":{\"@id\":\"https:\/\/www.cppjvo.fr\/#\/schema\/logo\/image\/\"},\"sameAs\":[\"https:\/\/fr-fr.facebook.com\/CPPJVO-2116673645252590\/\"]}]}<\/script>\n<!-- \/ Yoast SEO plugin. -->","yoast_head_json":{"title":"Voyage 2019 en \u00c9gypte - CPPJVO","description":"plong\u00e9e \u00e9gypte cppjvo argenteuil","robots":{"index":"index","follow":"follow","max-snippet":"max-snippet:-1","max-image-preview":"max-image-preview:large","max-video-preview":"max-video-preview:-1"},"canonical":"https:\/\/www.cppjvo.fr\/index.php\/voyage-en-egypte-mars-2019\/","og_locale":"fr_FR","og_type":"article","og_title":"Voyage 2019 en \u00c9gypte - CPPJVO","og_description":"plong\u00e9e \u00e9gypte cppjvo argenteuil","og_url":"https:\/\/www.cppjvo.fr\/index.php\/voyage-en-egypte-mars-2019\/","og_site_name":"CPPJVO","article_publisher":"https:\/\/fr-fr.facebook.com\/CPPJVO-2116673645252590\/","article_modified_time":"2022-06-19T14:24:46+00:00","og_image":[{"url":"http:\/\/www.cppjvo.fr\/wp-content\/uploads\/2020\/05\/DSC0814-150x150.jpg","type":"","width":"","height":""}],"twitter_card":"summary_large_image","twitter_misc":{"Dur\u00e9e de lecture estim\u00e9e":"2 minutes"},"schema":{"@context":"https:\/\/schema.org","@graph":[{"@type":"WebPage","@id":"https:\/\/www.cppjvo.fr\/index.php\/voyage-en-egypte-mars-2019\/","url":"https:\/\/www.cppjvo.fr\/index.php\/voyage-en-egypte-mars-2019\/","name":"Voyage 2019 en \u00c9gypte - CPPJVO","isPartOf":{"@id":"https:\/\/www.cppjvo.fr\/#website"},"primaryImageOfPage":{"@id":"https:\/\/www.cppjvo.fr\/index.php\/voyage-en-egypte-mars-2019\/#primaryimage"},"image":{"@id":"https:\/\/www.cppjvo.fr\/index.php\/voyage-en-egypte-mars-2019\/#primaryimage"},"thumbnailUrl":"http:\/\/www.cppjvo.fr\/wp-content\/uploads\/2020\/05\/DSC0814-150x150.jpg","datePublished":"2020-05-24T12:20:02+00:00","dateModified":"2022-06-19T14:24:46+00:00","description":"plong\u00e9e \u00e9gypte cppjvo argenteuil","breadcrumb":{"@id":"https:\/\/www.cppjvo.fr\/index.php\/voyage-en-egypte-mars-2019\/#breadcrumb"},"inLanguage":"fr-FR","potentialAction":[{"@type":"ReadAction","target":["https:\/\/www.cppjvo.fr\/index.php\/voyage-en-egypte-mars-2019\/"]}]},{"@type":"ImageObject","inLanguage":"fr-FR","@id":"https:\/\/www.cppjvo.fr\/index.php\/voyage-en-egypte-mars-2019\/#primaryimage","url":"http:\/\/www.cppjvo.fr\/wp-content\/uploads\/2020\/05\/DSC0814-150x150.jpg","contentUrl":"http:\/\/www.cppjvo.fr\/wp-content\/uploads\/2020\/05\/DSC0814-150x150.jpg"},{"@type":"BreadcrumbList","@id":"https:\/\/www.cppjvo.fr\/index.php\/voyage-en-egypte-mars-2019\/#breadcrumb","itemListElement":[{"@type":"ListItem","position":1,"name":"Accueil","item":"https:\/\/www.cppjvo.fr\/"},{"@type":"ListItem","position":2,"name":"Voyage 2019 en \u00c9gypte"}]},{"@type":"WebSite","@id":"https:\/\/www.cppjvo.fr\/#website","url":"https:\/\/www.cppjvo.fr\/","name":"CPPJVO","description":"Club de Plong\u00e9e de la Police Justice du Val d&#039;Oise","publisher":{"@id":"https:\/\/www.cppjvo.fr\/#organization"},"potentialAction":[{"@type":"SearchAction","target":{"@type":"EntryPoint","urlTemplate":"https:\/\/www.cppjvo.fr\/?s={search_term_string}"},"query-input":{"@type":"PropertyValueSpecification","valueRequired":true,"valueName":"search_term_string"}}],"inLanguage":"fr-FR"},{"@type":"Organization","@id":"https:\/\/www.cppjvo.fr\/#organization","name":"cppvjo : club de plong\u00e9e Argenteuil","url":"https:\/\/www.cppjvo.fr\/","logo":{"@type":"ImageObject","inLanguage":"fr-FR","@id":"https:\/\/www.cppjvo.fr\/#\/schema\/logo\/image\/","url":"https:\/\/www.cppjvo.fr\/wp-content\/uploads\/2019\/07\/logo-cppvjo-2-1.jpg","contentUrl":"https:\/\/www.cppjvo.fr\/wp-content\/uploads\/2019\/07\/logo-cppvjo-2-1.jpg","width":777,"height":560,"caption":"cppvjo : club de plong\u00e9e Argenteuil"},"image":{"@id":"https:\/\/www.cppjvo.fr\/#\/schema\/logo\/image\/"},"sameAs":["https:\/\/fr-fr.facebook.com\/CPPJVO-2116673645252590\/"]}]}},"_links":{"self":[{"href":"https:\/\/www.cppjvo.fr\/index.php\/wp-json\/wp\/v2\/pages\/4518","targetHints":{"allow":["GET"]}}],"collection":[{"href":"https:\/\/www.cppjvo.fr\/index.php\/wp-json\/wp\/v2\/pages"}],"about":[{"href":"https:\/\/www.cppjvo.fr\/index.php\/wp-json\/wp\/v2\/types\/page"}],"author":[{"embeddable":true,"href":"https:\/\/www.cppjvo.fr\/index.php\/wp-json\/wp\/v2\/users\/1"}],"replies":[{"embeddable":true,"href":"https:\/\/www.cppjvo.fr\/index.php\/wp-json\/wp\/v2\/comments?post=4518"}],"version-history":[{"count":2,"href":"https:\/\/www.cppjvo.fr\/index.php\/wp-json\/wp\/v2\/pages\/4518\/revisions"}],"predecessor-version":[{"id":4685,"href":"https:\/\/www.cppjvo.fr\/index.php\/wp-json\/wp\/v2\/pages\/4518\/revisions\/4685"}],"wp:attachment":[{"href":"https:\/\/www.cppjvo.fr\/index.php\/wp-json\/wp\/v2\/media?parent=4518"}],"curies":[{"name":"wp","href":"https:\/\/api.w.org\/{rel}","templated":true}]}}